a (base 12) to base 3.
-2100221221221
What is 32030103 (base 5) in base 11?
172aa8
What is -50502023 (base 6) in base 15?
-1d658c
-34035665 (base 7) to base 2
-1011010000010101010100
162038 (base 13) to base 11
344054
Convert -18405ae (base 15) to base 14.
-24bd410
-303011224 (base 6) to base 4
-103300300000
Convert 529c41 (base 15) to base 8.
16776175
-4121014300 (base 5) to base 11
-4801188
250665 (base 9) to base 6
3125052
What is -32342166 (base 7) in base 9?
-5176220
Convert -28c2b (base 13) to base 11.
-52745
Convert 404325 (base 6) to base 14.
b9a5
Convert 14325430 (base 6) to base 16.
7889a
What is -701647 (base 12) in base 15?
-246d31
What is 4612421 (base 7) in base 14?
10d648
What is dbcdb (base 15) in base 7?
5635304
Convert -14041400 (base 5) to base 2.
-100010111111110110
What is -1c2abc (base 15) in base 4?
-11033330310
Convert -45673757 (base 8) to base 10.
-9926639
Convert -2a44a3 (base 11) to base 5.
-110140213
What is 4053177 (base 8) in base 9?
2011667
What is 77661 (base 15) in base 5?
44120231
200002100112112 (base 3) to base 11
5475916
Convert 96a6192 (base 11) to base 6.
1405432301
9611b3 (base 12) to base 13
64ab62
10002210221120 (base 3) to base 12
676820
Convert -18a124 (base 11) to base 12.
-120930
Convert -b66c (base 15) to base 4.
-21122301
Convert 237553 (base 8) to base 15.
19366
Convert -2310625 (base 7) to base 15.
-5a6dd
Convert 19a887 (base 15) to base 13.
34a35c
Convert -280588 (base 10) to base 16.
-4480c
What is -17587 (base 16) in base 7?
-545533
What is 212303223 (base 6) in base 4?
32111013333
-97b84 (base 15) to base 5
-110404344
Convert -3455335 (base 6) to base 7.
-1343114
What is -101202211221222 (base 3) in base 6?
-322411425
Convert 10122120012 (base 3) to base 8.
214254
6570041 (base 9) to base 13
967894
What is -202514344 (base 7) in base 16?
-b4dc57
What is -1115415 (base 7) in base 8?
-417034
Convert 1002201202121022 (base 3) to base 5.
13021111121
-29f5a (base 16) to base 12
-83562
What is 4ab6b6 (base 12) in base 11?
7656a4
What is -203a738 (base 11) in base 9?
-6687871
-5537774 (base 8) to base 16
-16bffc
What is 323573 (base 11) in base 5?
113021423
Convert 323301121 (base 4) to base 8.
736131
Convert 12120110102110 (base 3) to base 2.
1011010011000001100011
-13441513 (base 6) to base 9
-765300
What is 51025103 (base 7) in base 8?
20135015
Convert -15ff79 (base 16) to base 10.
-1441657
What is 204512 (base 8) in base 4?
100211022
12021210012 (base 3) to base 7
612320
-126564 (base 7) to base 11
-17000
Convert 1412124 (base 6) to base 11.
5483a
What is 3202334113 (base 5) in base 16?
65fc0a
Convert 480824 (base 9) to base 7.
2313412
Convert -142434421 (base 5) to base 14.
-15713b
What is 72999 (base 14) in base 9?
461008
Convert -309bd (base 14) to base 7.
-665426
Convert -220233130001 (base 4) to base 5.
-10213230230
What is -100344422 (base 5) in base 8?
-1423250
What is 382422 (base 13) in base 5?
321104330
5725765 (base 9) to base 11
181a01a
What is -308320 (base 16) in base 15?
-42c031
-200100011012 (base 3) to base 9
-610135
Convert -200300223 (base 4) to base 15.
-29b5c
What is -100011101100101101100100 (base 2) in base 6?
-532324524
What is -301331003102 (base 4) in base 12?
-4476242
What is -1627302 (base 12) in base 8?
-21225362
What is 3201120311 (base 4) in base 3?
1201220101012
44553 (base 14) to base 16
2873d
10153568 (base 10) to base 14
14c43cc
Convert -101121234 (base 5) to base 15.
-81ace
What is -4120440 (base 5) in base 4?
-100112303
Convert -23130210 (base 4) to base 10.
-46884
Convert -10354550 (base 7) to base 14.
-191697
-1ba59 (base 12) to base 9
-62526
What is -125304 (base 7) in base 11?
-16701
Convert -1592026 (base 10) to base 2.
-110000100101011011010
146beaa (base 15) to base 12
4b4495a
-113321323 (base 4) to base 15
-1e02a
453123 (base 9) to base 12
110bb6
-ba095 (base 14) to base 3
-211212111010
-565470 (base 8) to base 7
-1424456
10111110220200 (base 3) to base 11
1060180
What is -30110333 (base 7) in base 16?
-25fe98
-11735 (base 15) to base 8
-154511
1010100101110110000 (base 2) to base 11
217826
56c28e (base 15) to base 3
21210102100122
Convert -102110001 (base 4) to base 15.
-17359
Convert -212021122211 (base 4) to base 14.
-1484485
Convert -1c16c (base 14) to base 5.
-4243021
What is 199300 (base 14) in base 5?
213040402
Convert 31012414 (base 8) to base 15.
89860d
27acd7 (base 15) to base 12
781241
What is -2044db (base 14) in base 16?
-109871
Convert -100111001001000011101 (base 2) to base 16.
-13921d
What is 13762 (base 10) in base 12?
7b6a
-5021e (base 16) to base 12
-139b3a
22e72 (base 15) to base 2
11011001010011001
What is 3ba65 (base 12) in base 4?
110030231
What is 5b07 (base 15) in base 2?
100101110011101
Convert -46007452 (base 8) to base 9.
-20667805
-3b17780 (base 12) to base 6
-1055221040
What is -13312302301 (base 4) in base 10?
-2059441
-1733016 (base 11) to base 12
-ba142b
-1104140 (base 6) to base 9
-83836
Convert 42220024 (base 6) to base 4.
10230211300
Convert -27482a (base 12) to base 7.
-5350465
-1649198 (base 13) to base 16
-6db18e
Convert -9485 (base 10) to base 4.
-2110031
What is 427f5 (base 16) in base 14?
71393
Convert 1412231 (base 5) to base 16.
718a
What is 11244144 (base 5) in base 10?
103049
-210441130 (base 5) to base 14
-18a9d2
1011110011011101001111 (base 2) to base 13
8445a0
-110101000100110101000 (base 2) to base 15
-2454a1
42b97 (base 12) to base 8
254043
79905 (base 11) to base 15
24390
Convert 21a04 (base 16) to base 2.
100001101000000100
What is 20200021201 (base 3) in base 14?
35c7a
-344302 (base 6) to base 8
-71456
-1220404 (base 7) to base 3
-21221100121
-4d129d (base 14) to base 10
-2653979
Convert 2033952 (base 11) to base 9.
6674485
Convert 1b1711 (base 12) to base 15.
971d7
What is 1550045 (base 8) in base 13?
128303
What is 141947 (base 10) in base 11?
97713
What is -11265655 (base 7) in base 2?
-11110010000000011101
Convert 14105004 (base 6) to base 2.
1110100000100011100
4462156 (base 7) to base 13
16492c
Convert -2141343 (base 6) to base 10.
-106623
What is -19c64 (base 13) in base 11?
-34999
Convert 11011001000001001011111 (base 2) to base 14.
d317d5
116775 (base 11) to base 14
4b3c3
Convert -13111110 (base 5) to base 3.
-20112211021
11101001110110101111110 (base 2) to base 11
4364340
-6511040 (base 7) to base 3
-1111021101022
What is 234146 (base 8) in base 5?
10024344
What is 6b8521 (base 12) in base 6?
101111241
What is -130320100 (base 4) in base 2?
-11100111000010000
-325430652 (base 7) to base 8
-112622020
2213000313 (base 4) to base 14
13b435
What is -1f1386 (base 16) in base 3?
-10211110201011
-42222333 (base 5) to base 13
-c4058
-4225135 (base 10) to base 12
-14b9127
What is 466554 (base 8) in base 15?
32209
-a1bbc (base 13) to base 9
-481503
Convert 720834 (base 10) to base 8.
2577702
What is 101001100000101011 (base 2) in base 11?
106820
20cbe5 (base 16) to base 14
3dd40d
Convert -10120003132 (base 4) to base 8.
-4300336
Convert 30132400 (base 6) to base 9.
1537710
Convert 3bab5aa (base 12) to base 8.
55365622
-155cd1 (base 15) to base 13
-2a1b16
What is 175515 (base 12) in base 5?
100401421
Convert -633627 (base 14) to base 3.
-20022021120122
What is 182e0 (base 15) in base 9?
128343
Convert -2436471 (base 10) to base 4.
-21102311313
-22001220000122 (base 3) to base 8
-20270324
Convert -272a60 (base 14) to base 3.
-2112200201111
Convert -2032522 (base 6) to base 8.
-277042
Convert 10103120 (base 4) to base 11.
12272
-1110504313 (base 6) to base 10
-12077109
-1287151 (base 10) to base 5
-312142101
Convert 290a062 (base 11) to base 3.
100102022212220
-2650252 (base 7) to base 5
-42121110
e76d (base 16) to base 9
100237
What is 41185 (base 9) in base 4?
12213323
15403202 (base 6) to base 9
1020582
-3011420 (base 6) to base 15
-2be76
-d92c25 (base 15) to base 9
-21404608
What is -12cbb3 (base 15) in base 7?
-10452615
105523 (base 13) to base 10
383152
Convert 65271 (base 10) to base 8.
177367
ed373 (base 16) to base 4
3231031303
11618 (base 16) to base 10
71192
What is -3abbd (base 14) in base 5?
-14120021
52179a (base 12) to base 7
13644343
What is 5522414 (base 8) in base 7?
15420442
What is 5eaa6 (base 15) in base 10?
302781
Convert -1101010010111111011 (base 2) to base 12.
-19018b
